*2 - v - 4. What is d(42)?
-46
Let b(y) = -15*y + 163. Give b(12).
-17
Let m(q) = 7*q**2 + 707*q - 7. Determine m(-101).
-7
Let q(c) = -16*c - 353. Determine q(-19).
-49
Let x(u) = -6*u**2 + 158*u + 252. What is x(28)?
-28
Let g(v) = v**3 - 23*v**2 - 229*v + 155. Determine g(-8).
3
Let y(d) = -d**3 + 9*d**2 - 26*d - 66. Determine y(8).
-210
Let o(d) = 2*d**2 - 46*d + 24. Determine o(23).
24
Let q(p) = 4*p**3 - 2*p**2 + p - 1. Give q(1).
2
Let w(o) = 178*o - 509. Determine w(5).
381
Let y(b) = 8*b**2 + 2*b + 45. Determine y(0).
45
Let r(x) = 26*x + 4174. What is r(-159)?
40
Let m(h) = -2*h**3 + 77*h**2 + 113*h + 287. Give m(40).
7
Let a(r) = r**2 + 21*r + 186. Give a(-19).
148
Let q(z) = -z**3 - 8*z**2 + 50*z - 12. Give q(4).
-4
Let i(x) = 5*x**2 - 143*x + 189. What is i(28)?
105
Let w(d) = 27*d + 1887. What is w(-56)?
375
Let z(d) = -d**3 - 48*d**2 - 46*d - 39. Give z(-47).
-86
Let v(o) = o**2 - 17*o + 12. Calculate v(10).
-58
Let u(x) = 176*x + 1188. What is u(-8)?
-220
Let i(y) = -1835*y - 11091. Give i(-6).
-81
Let b(m) = 31*m**2 + 897*m - 51. What is b(-29)?
7
Let g(l) = -199*l**2 - 1990*l - 1. Give g(-10).
-1
Let c(m) = 2*m**3 - 2*m**2 - 12*m - 11. Give c(-1).
-3
Let l(n) = -n**3 - 35*n**2 - 298*n + 23. Give l(-12).
287
Let t(f) = 10*f**2 + 6*f - 38. Calculate t(0).
-38
Let y(x) = 2*x - 31. Give y(-14).
-59
Let a(t) = -247*t - 488. What is a(-2)?
6
Let b(f) = f**3 - 10*f**2 + 7*f + 69. What is b(9)?
51
Let p(r) = 8*r**3 - 111*r**2 - 8*r + 25. Calculate p(14).
109
Let l(z) = -52*z - 189. What is l(-5)?
71
Let p(f) = f**3 - 16*f**2 + 23*f - 10. Calculate p(13).
-218
Let o(v) = -57*v - 6887. Calculate o(-121).
10
Let a(v) = v**3 + 40*v**2 + 348*v - 43. Give a(-27).
38
Let n(q) = -q**3 - 35*q**2 + 55*q - 586. Give n(-37).
117
Let c(g) = -g**2 - 14*g - 29. Determine c(0).
-29
Let c(w) = -280*w - 16808. Give c(-60).
-8
Let m(j) = -2*j**3 - 10*j**2 - 20*j - 22. What is m(-4)?
26
Let g(c) = c**2 + 69*c + 1052. Determine g(-23).
-6
Let q(r) = 481*r - 14420. What is q(30)?
10
Let f(n) = -185*n + 9804. Calculate f(53).
-1
Let t(f) = -f**3 - 18*f**2 - 42*f + 46. Give t(-14).
-150
Let a(t) = t**3 - 7*t**2 - 692*t + 25. What is a(30)?
-35
Let h(t) = -t**3 - 31*t**2 + 125*t + 788. Give h(-34).
6
Let u(x) = -306*x**3 - 5*x**2 + 4. Calculate u(1).
-307
Let z(n) = -4*n**2 + 130*n + 484. Determine z(-4).
-100
Let t(u) = 5*u**3 - 523*u**2 + 312*u - 46. Give t(104).
-46
Let t(j) = -40*j + 1550. Calculate t(28).
430
Let x(b) = -8*b**2 + 339*b - 6. What is x(44)?
-578
Let k(l) = l**3 + 90*l**2 + 1698*l - 240. Give k(-63).
-51
Let t(c) = -3*c**3 - 112*c**2 - 42*c - 194. Give t(-37).
-9
Let a(d) = d**3 + 15*d**2 - 21*d + 214. Calculate a(-17).
-7
Let u(b) = b**2 - 7*b - 1. Calculate u(12).
59
Let v(f) = -41*f**2 + 142*f + 16. Determine v(5).
-299
Let n(l) = 10*l**2 - 485*l - 488. Give n(-1).
7
Let v(f) = -13*f**2 + 335*f + 83. Determine v(26).
5
Let n(j) = -1522*j - 76100. Determine n(-50).
0
Let o(a) = 168*a + 12555. Give o(-74).
123
Let y(h) = -15*h**3 - 941*h**2 + 252*h + 12. Give y(-63).
12
Let c(g) = g**3 - 16*g**2 - 19*g + 62. Determine c(17).
28
Let j(i) = -11*i**3 + 4*i**2 - 13*i - 26. Give j(-3).
346
Let r(s) = 12*s + 228. Give r(-20).
-12
Let s(a) = -a**3 - 23*a**2 - 25*a + 172. What is s(-22)?
238
Let z(d) = -d**2 - 9*d - 90. Determine z(-6).
-72
Let s(x) = -2*x**3 + 122*x**2 + 107*x + 1060. Give s(62).
6
Let g(i) = 420*i + 2098. What is g(-5)?
-2
Let b(z) = 247*z + 1505. Calculate b(-9).
-718
Let n(p) = 128*p - 1408. Give n(11).
0
Let a(x) = x**3 - 48*x**2 + 226*x - 61. What is a(6)?
-217
Let y(s) = s**3 + 20*s - 71. What is y(0)?
-71
Let f(q) = -q**3 - 9*q**2 - 4*q + 16. Give f(-7).
-54
Let u(z) = 25*z**2 - 29*z + 29. Calculate u(1).
25
Let o(l) = 4*l**2 + 96*l - 1367. Calculate o(10).
-7
Let a(p) = 30*p**2 - 106*p + 2. Calculate a(8).
1074
Let n(m) = -m**3 - 12*m**2 - 6*m + 17. Calculate n(-4).
-87
Let q(f) = -2*f - 70. Determine q(8).
-86
Let x(m) = m**3 - 6*m**2 - 49*m - 3. Determine x(-5).
-33
Let z(p) = p**3 + 46*p**2 - 40*p + 278. What is z(-47)?
-51
Let d(u) = -3*u**3 + 99*u**2 - 271*u + 41. Calculate d(30).
11
Let u(a) = 7*a**2 + 18*a - 2105. Determine u(16).
-25
Let w(i) = 2048*i + 75775. Calculate w(-37).
-1
Let z(k) = -k**3 + 43*k**2 - 402*k + 9583. Give z(39).
-11
Let i(u) = -u**2 + 44*u - 235. Calculate i(42).
-151
Let f(a) = a**3 + 17*a**2 - 25*a + 43. Calculate f(-18).
169
Let b(y) = -13*y + 139. What is b(9)?
22
Let q(a) = -29*a + 1914. What is q(60)?
174
Let s(b) = -794*b - 9520. What is s(-12)?
8
Let s(b) = -12*b**2 - 75*b - 51. Give s(-6).
-33
Let i(z) = -6*z + 49. Calculate i(-12).
121
Let n(z) = -z**3 - 6*z**2 - 14*z - 44. What is n(-4)?
-20
Let z(n) = 7*n + 10. Give z(-19).
-123
Let t(o) = -8*o**3 + 6*o**2 - 5*o + 13. Determine t(2).
-37
Let q(y) = -y**2 + 19*y + 20. Give q(23).
-72
Let t(d) = -d**2 - 8*d + 49. Give t(-12).
1
Let f(l) = l**2 - 627*l - 5. Give f(0).
-5
Let q(b) = 3*b**2 + 133*b - 223. Calculate q(-46).
7
Let c(l) = l**3 - 17*l**2 + 15*l - 17. Calculate c(17).
238
Let i(u) = -66*u + 566. Determine i(7).
104
Let i(a) = -a**3 + 14*a**2 + a - 182. Calculate i(13).
0
Let r(c) = -387*c + 3447. Give r(9).
-36
Let f(z) = 7751*z - 77513. Calculate f(10).
-3
Let a(l) = 5*l**3 - 180*l**2 + 176*l - 44. Give a(35).
-9
Let y(f) = f**2 - 91*f + 655. What is y(9)?
-83
Let c(x) = 3*x**2 - 55*x - 54. Determine c(18).
-72
Let z(p) = -p**3 - 6*p**2 + 16*p + 58. Give z(-7).
-5
Let p(j) = j**3 + 48*j**2 + 58*j + 498. Calculate p(-47).
-19
Let c(j) = -61*j**2 - 17*j. Determine c(1).
-78
Let d(m) = -14*m - 461. Calculate d(-40).
99
Let k(s) = -s**3 - 2*s**2 - 3*s - 293. Determine k(0).
-293
Let t(f) = -186*f - 1874. Give t(-10).
-14
Let v(z) = -z**2 - 5*z + 171. Give v(9).
45
Let s(r) = r**2 - 75*r + 1387. What is s(42)?
1
Let f(d) = 52*d + 43. Determine f(1).
95
Let k(l) = 4918*l - 44259. Determine k(9).
3
Let l(n) = -331*n + 34764. Calculate l(105).
9
Let p(a) = -a**3 + 11*a**2 + 28*a - 50. What is p(13)?
-24
Let y(a) = -416*a - 2915. Give y(-7).
-3
Let o(r) = r**2 - 36*r - 142. Calculate o(39).
-25
Let w(b) = -196*b + 645. Determine w(6).
-531
Let v(p) = -3*p**3 - p**2 - 23*p + 60. Calculate v(5).
-455
Let k(n) = 226*n**2 + 46*n + 44. What is k(-1)?
224
Let q(r) = -50*r + 236. Give q(14).
-464
Let t(w) = -12*w + 68. What is t(-18)?
284
Let t(w) = -32*w - 722. What is t(-20)?
-82
Let b(x) = -x**3 - 11*x**2 + 13*x + 7. Give b(-13).
176
Let w(o) = -206*o**3 - o**2 + 2*o. Calculate w(1).
-205
Let q(j) = j**3 - 16*j**2 - 614*j - 46. Calculate q(-18).
-10
Let g(d) = 66*d**2 - 19*d + 17. Give g(1).
64
Let p(a) = 99*a + 9393. What is p(-95)?
-12
Let k(n) = 5*n**2 + 310*n + 1925. Calculate k(-7).
0
Let m(n) = 2*n**2 - 3. Calculate m(-5).
47
Let v(d) = -d**2 + 153*d - 4293. What is v(116)?
-1
Let x(f) = 2*f**3 + 20*f**2 + 51. Calculate x(-10).
51
Let w(y) = 631*y + 29021. Calculate w(-46).
-5
Let z(h) = 2*h**3 + 40*h**2 - 198*h - 3273. Calculate z(-21).
3
Let j(b) = -13*b**2 - 444*b - 38. Give j(-34).
30
Let m(q) = q**2 - q - 70. Calculate m(-8).
2
Let z(q) = -2*q**2 + 121*q - 566. Determine z(53).
229
Let y(u) = 10*u**2 - 82*u - 25. What is y(8)?
-41
Let t(i) = 2*i**3 + 5*i**2 + 39*i + 77. Give t(-2).
3
Let c(m) = 31*m + 258. Calculate c(-11).
-83
Let y(b) = -2*b**2 - b + 155. Determine y(-17).
-406
Let v(p) = 1776*p + 19530. Give v(-11).
-6
Let i(o) = -26*o - 237. Calculate i(-9).
-3
Let s(r) = -192*r + 1433. Calculate s(7).
89
Let w(l) = -l**3 + 33*l**2 - 155*l + 1950. Give w(30).
0
Let a(f) = -204*f - 1418. Determine a(-7).
10
Let v(f) = -f**2 - 19*f + 8660. What is v(-103)?
8
Let q(w) = -3*w**2 + 42*w - 80. Calculate q(11).
19
Let a(v) = -194*v**2 + 2*v + 4. Determine a(-1).
-192
Let h(g) = -3*g**2 - 162*g - 143. What is h(-53)?
16
Let b(z) = -15*z**2 - 214*z - 58. Give b(-14).
-2
Let c(f) = 23*f**2 + 27*f + 27. Calculate c(-1).
23
Let r(j) = 3*j**2 + 192*j - 33. Calculate r(-69).
1002
Let w(s) = 78*s + 1264. Give w(-16).
16
Let x(a) = 2*a**3 + 7*a**2 + 13. Give x(-4).
-3
Let t(i) = -122*i + 1262. Determine t(10).
42
Let n(y) = 114*y + 58. Give n(-1).
-56
Let h(t) = 11*t**2 - 280*t + 407. Determine h(24).
23
Let n(r) = -27*r**2 - 138*r - 23. Calculate n(-5).
-8
Let w(j) = -837*j - 2377. Determine w(-3).
134
Let d(h) = 4*h**2 - 158*h 